, what is -1241442313304 - 1?
-1241442313310
In base 2, what is 1110111 + -10010000010111010111?
-10010000010101100000
In base 14, what is -124a0 - -33?
-1246b
In base 7, what is -150123 - 634?
-151060
In base 4, what is 2 + 111320113200?
111320113202
In base 11, what is -2 + 1763034?
1763032
In base 7, what is -5244314120 + 4?
-5244314113
In base 2, what is 11100001101110001 - -100000?
11100001110010001
In base 6, what is -23304 - -1412535?
1345231
In base 2, what is 11010 + -10000000100011111101?
-10000000100011100011
In base 8, what is -13100214 - 21?
-13100235
In base 4, what is -31130213 + -120111?
-31310330
In base 16, what is -7 - -1ead1a7?
1ead1a0
In base 16, what is -1b + 127fad?
127f92
In base 8, what is -33164223 + 4?
-33164217
In base 13, what is 3 - -1c44b?
1c451
In base 6, what is -330324150 - -1?
-330324145
In base 8, what is 71 - 1637732?
-1637641
In base 5, what is 1 + 3121141214?
3121141220
In base 4, what is -21 - 2112303011310?
-2112303011331
In base 5, what is -12 - -111124434202?
111124434140
In base 7, what is 411411000 - -10?
411411010
In base 14, what is 3 - b0028c?
-b00289
In base 16, what is -3012 + -23?
-3035
In base 14, what is 56c0 - -265?
5945
In base 7, what is 1430301 + -4106?
1423162
In base 4, what is -13022030 - 3310?
-13032000
In base 16, what is -1d + -2d94b6?
-2d94d3
In base 10, what is 29584 - 5595?
23989
In base 14, what is -655036 - -6a?
-654daa
In base 15, what is -9e8c + -ea?
-a087
In base 4, what is 3123022023 + -1213?
3123020210
In base 4, what is 10 - 3333020233023?
-3333020233013
In base 3, what is 202022120220112 - -101?
202022120220220
In base 2, what is 100 + 1111010100010111100100100111?
1111010100010111100100101011
In base 3, what is 10 + -220122200120002?
-220122200112222
In base 16, what is -22ea4 - 5?
-22ea9
In base 15, what is -59937 + -b?
-59943
In base 5, what is -21012222 + 443?
-21011224
In base 5, what is 122112 - -4214?
131331
In base 12, what is a6b - 35141?
-34292
In base 6, what is 12033 - 2045045?
-2033012
In base 10, what is 7948110 + 2?
7948112
In base 10, what is -223263 - 3?
-223266
In base 15, what is -1623c - 23e?
-1647b
In base 3, what is 12 - 10021110021122?
-10021110021110
In base 13, what is -187 + 121a5?
1201b
In base 4, what is 2103 + -311131?
-303022
In base 10, what is -9025 - -4282?
-4743
In base 3, what is 1 + -21211220110201?
-21211220110200
In base 11, what is 2515 + a27?
3441
In base 5, what is 4220 - -222430423?
222440143
In base 3, what is 2011001112 + -210?
2011000202
In base 7, what is -3 - 51105004?
-51105010
In base 10, what is -2 - -19395859?
19395857
In base 15, what is 1 + -11799a?
-117999
In base 3, what is 101122200 - -1120112?
110020012
In base 12, what is 136 + -48509?
-48393
In base 15, what is 1d454 - 3d?
1d416
In base 11, what is 1180 - -63413?
64593
In base 8, what is 6553 - 12253?
-3500
In base 2, what is -10001011111 + 1110100101?
-10111010
In base 12, what is 545 - -17b66?
184ab
In base 15, what is -181 + -364?
-4e5
In base 10, what is 9 - 17839544?
-17839535
In base 16, what is 2c - 16883?
-16857
In base 4, what is -23 - 3002133102?
-3002133131
In base 12, what is 21 + 3507223?
3507244
In base 7, what is -1433346 - -114?
-1433232
In base 3, what is 1 - -1021001002210001?
1021001002210002
In base 4, what is -1000201032030303 - 3?
-1000201032030312
In base 4, what is 30 + -212131301?
-212131211
In base 8, what is -217502 + 210?
-217272
In base 13, what is -5896461 - -2?
-589645c
In base 7, what is -1242041 + 430?
-1241311
In base 5, what is 411411242033 + -4?
411411242024
In base 4, what is 312003 - 1113032?
-201023
In base 2, what is 1 - 1011001000101010111101?
-1011001000101010111100
In base 5, what is 102020 + -33111242?
-33004222
In base 11, what is -109034 - 14?
-109048
In base 13, what is 1 + -103cacc4?
-103cacc3
In base 2, what is -101010100 - -1101100010?
1000001110
In base 5, what is -24 - 1322431014?
-1322431043
In base 4, what is 11103 + 1003100?
1020203
In base 14, what is -c + -359c658?
-359c666
In base 4, what is -11223202 + 22201?
-11201001
In base 6, what is -154433244 - 3?
-154433251
In base 13, what is 10 - -2809aa?
2809ba
In base 11, what is -2 + -110570a9?
-11057100
In base 2, what is 101 + 1001101111111010000001110111?
1001101111111010000001111100
In base 15, what is -7a6 - 1571?
-1d27
In base 3, what is -1000201 + -220102100120?
-220110101021
In base 9, what is 20 - 151762?
-151742
In base 10, what is 5659505 - 6?
5659499
In base 3, what is 21110211002001 + -1?
21110211002000
In base 7, what is 212162 - -435?
212630
In base 2, what is 10101100 + -11001010011001100010?
-11001010010110110110
In base 14, what is -28 - -4b564?
4b53a
In base 9, what is -170 + -670313?
-670483
In base 8, what is -2210057 + 337?
-2207520
In base 12, what is -15459 - 1b33?
-17390
In base 7, what is 3 + 445014666?
445015002
In base 4, what is 202010303 - 213032?
201131211
In base 12, what is -4 + -b118436?
-b11843a
In base 9, what is 530316234 - -4?
530316238
In base 6, what is 1543545114 - 33?
1543545041
In base 12, what is -40 + -328826?
-328866
In base 8, what is -7 - -15403721?
15403712
In base 13, what is -2ab6ca - -3?
-2ab6c7
In base 13, what is b - c15b75?
-c15b67
In base 4, what is 12 + -2302021032120?
-2302021032102
In base 9, what is -20476 + -4210?
-24686
In base 3, what is 102 + -102112220122020?
-102112220121211
In base 8, what is 4121420 + 1?
4121421
In base 7, what is -353433 - -413?
-353020
In base 4, what is -11 + 12132303033?
12132303022
In base 11, what is -1351 - 153778?
-155019
In base 5, what is -1321013234 + -21?
-1321013310
In base 9, what is 4138 - 28221?
-24072
In base 12, what is -95a455 + -22?
-95a477
In base 2, what is 1010100001110 + -100110110011?
101101011011
In base 11, what is -1 - 2203553a?
-22035540
In base 8, what is 214 - 7740?
-7524
In base 11, what is 30839 + 506?
31244
In base 12, what is 2 + -1bb49a?
-1bb498
In base 2, what is -1111111 + -11110001100110011?
-11110001110110010
In base 13, what is -8 - -481478?
481470
In base 15, what is 960e7d - 8?
960e75
In base 12, what is 1b3908 - 9?
1b38bb
In base 13, what is -5 + a27c06?
a27c01
In base 9, what is 20 + -82080?
-82060
In base 9, what is -1658544 - 56?
-1658611
In base 8, what is -14552 + -502?
-15254
In base 2, what is -1001100111101 + -11010100011?
-1100111100000
In base 11, what is 5 + 5459a088?
5459a092
In base 9, what is -4 + -46740815?
-46740820
In base 3, what is -1001011000 + -1100211?
-1002111211
In base 7, what is -63216 - 145?
-63364
In base 12, what is -2b161 - 114b9?
-4065a
In base 16, what is -367da8 - b?
-367db3
In base 8, what is 1 - -15534174?
15534175
In base 12, what is -1ba1 + -1919?
-38ba
In base 6, what is -1555330 + 10515?
-1544411
In base 14, what is 6cc233 + -1?
6cc232
In base 9, what is 121481 - 1722?
118658
In base 15, what is 73b - 2a6c?
-2331
In base 5, what is 1144043 - -10?
1144103
In base 13, what is 858 - -1733?
228b
In base 13, what is -2 - 16a28b?
-16a290
In base 3, what is 0 + -22010212110000?
-22010212110000
In base 8, what is 11030017 - 260?
11027537
In base 5, what is -1 - 412321140?
-412321141
In base 14, what is 0 - 48d7a1?
-48d7a1
In base 7, what is 326400 + 2545?
332245
In base 4, what is -32 - -1130300113?
1130300021
In base 14, what is -58c65 + -13?
-58c78
In base 13, what is -180b5cc - 4?
-180b603
In base 11, what is 527837a + -2?
5278378
In base 15, what is -5 - -6535a?
65355
In base 14, what is 44 + -220a26?
-2209c2
In base 2, what is 1011110100100110111 - -1101?
1011110100101000100
In base 13, what is 53173 - c0?
53083
In base 3, what is -120220 - -200212001?
200021011
In base 15, what is -1552 + -30b6?
-4618
In base 6, what is 12230550113 - 4?
12230550105
In base 6, what is -220544333 + 445?
-220543444
In base 13, what is 516 + -3022a?
-2ca14
In base 2, what is -101101100101 - -1111011?
-101011101010
In base 16, what is -2 + 14ea?
14e8
In base 10, what is -65475694 + 2?
-65475692
In base 12, what is -281 + 12024a7?
1202226
In base 3, what is 0 - 10211100001102211?
-10211100001102211
In base 7, what is -222 - 3456516?
-3460041
In base 16, what is 4 - 24f801e?
-24f801a
In base 10, what is 151840071 - 2?
151840069
In base 6, what is -1433320542 + -151?
-1433321133
In base 9, what is -185 - -10654?
104